digit of d?
1
What is the units digit of ((-4)/6)/(9 + (-19415)/2157)?
9
Let a(n) = -n - 5. Let t be a(-6). What is the units digit of 1974/30 - (0 + t/(-5))?
6
Suppose 80*i - 84*i = -5520. What is the units digit of i?
0
Let r be -31*(2 - 3/3). Let l = r - -33. What is the units digit of ((138/3)/l)/1?
3
Let w be (-4)/(-30) + 28/15. Suppose 20 = -w*b + 62. What is the units digit of b?
1
Let v(a) = -a**3 - 55*a**2 + 99*a - 366. What is the hundreds digit of v(-58)?
9
Suppose 3*v - 4*i = 262, -5*v + 261 = -5*i - 174. Suppose -5*h + 12 = 2*t - 1, -2*h = -4*t + v. Let w = 31 - t. What is the units digit of w?
2
Suppose 3*z = -5*t + 7005, 0 = 3*t + 4*z + 999 - 5213. What is the tens digit of t?
9
Let x(z) = 105*z + 3849. What is the tens digit of x(0)?
4
Let m(i) = 40 + 2*i**2 - 18 - 15 + 35*i. What is the tens digit of m(-22)?
0
Let j be (-7 - -4)/9*-57. Let y = 49 - j. Let p = -4 + y. What is the units digit of p?
6
Suppose -77450 = -47*b + 49967. What is the thousands digit of b?
2
Suppose -4*x - t + 103 = -30, 5*t = 5. Suppose 0 = 3*k + 2*g - 37, -x = -2*k - k - 3*g. Suppose k*y - 10*y = 135. What is the units digit of y?
7
Suppose -2*h - 1578 = -8*h. Suppose 0 = 6*t - 187 - h. What is the tens digit of t?
7
Suppose 4*f = 5*n - 8, 23 = 4*f - 3*f + 5*n. Suppose -51 = -f*i + 5*c - 266, 2*i - 3*c + 142 = 0. What is the units digit of ((-78)/i)/(1/25)?
0
Suppose 5*b - 3*s - 5661 = -637, -2015 = -2*b + 3*s. What is the units digit of b?
3
Let g(m) = 2*m - 9. Let p(s) = -2*s**3 + 12*s**2 + 6*s**3 - 5*s**3 - 11*s + 5. Let j be p(11). What is the units digit of g(j)?
1
Let c(n) = -4 + 26*n**2 - 6 + 0 + 5*n - 22*n**2. What is the tens digit of c(-6)?
0
Suppose 4*p + 11 = 2*r - 3, -3*p - 3 = r. What is the units digit of r/2 - 2*6/(-8)?
3
Let n(k) be the first derivative of -4*k + 0 + 4 - 2*k**2 - k. What is the tens digit of n(-7)?
2
Suppose 0 = -8*f + 37*f - 15689. What is the hundreds digit of f?
5
Let j(i) = -i**2 - 3*i + 1. Let h be j(-2). Suppose o - 10 = -h*s - 3, s + 21 = 2*o. What is the tens digit of o?
1
Suppose 0 = -7*t + 214 + 486. What is the units digit of t?
0
Let d(o) = 4*o**2 - 26*o - 369. What is the tens digit of d(27)?
4
Suppose -4*k - m = -23, 2*k - 4*m - 16 = -0*m. Suppose -8*x = -k*x - 302. What is the hundreds digit of x?
1
Suppose 87*a - 2870 = 82*a. Suppose 5*c + 154 = a. What is the units digit of c?
4
Let b = 14 + 13. Suppose 0 = -5*r + 83 + b. What is the units digit of r/55 - (-18)/5?
4
Suppose 0 = -6*w + 22*w - 5088. What is the hundreds digit of w?
3
Let t(p) = -227*p**3 + 2*p**2 + 3*p + 2. Let q be t(-1). What is the hundreds digit of (-6 - -4)*(-1 - 0) + q?
2
Let o(l) = -3*l + 9. Let y be o(4). Let w be y + 3 + 3 + -5. What is the tens digit of 6*(w + 18/4)?
1
Let k = 73 + -51. Let c = 76 - k. What is the units digit of c?
4
Let c = -2 + 5. Let z(h) be the third derivative of h**5/15 - 2*h**3/3 + 2*h**2 + 112*h. What is the units digit of z(c)?
2
Suppose -4*q + 4*j = -296, 0 = -43*q + 40*q + j + 216. What is the tens digit of q?
7
Let q(n) = 182*n**2 - 4*n - 2. What is the units digit of q(-1)?
4
Let p = 47 + -38. Suppose 693 = 12*c + p. What is the tens digit of c?
5
Let b(i) = 3 + i**2 - 6 - 8*i + 5. Let w be b(8). Suppose w*p = 5*v - 304, -2*v + 3*p + 31 = -95. What is the units digit of v?
0
Let u(h) = -h**3 - 6*h**2 + 11*h - 10. Let w be u(-7). Let o = 36 - w. What is the tens digit of o?
7
Suppose 0 = -4*u - 4*p + 536, u - 3*p - 670 = -4*u. What is the hundreds digit of u?
1
Let g(t) = t**3 - 2*t**2 - 2*t - 4. Let z be g(4). Suppose -2*r + z = -4. What is the units digit of r?
2
Let z(k) = 7*k**2 + 26*k + 4. Let d be z(-4). What is the tens digit of 1148/d + (-1)/(-3)?
9
Suppose 5*r - 2*g = 77, -3*g = 2*g - 20. Let p = r + -11. Suppose -k = -p - 13. What is the units digit of k?
9
Let c = -43 - -121. Suppose -3*i = 33 + c. Let t = i + 54. What is the tens digit of t?
1
Let o(g) = -g + 9. Let t(m) = -m + 8. Let c(n) = 3*o(n) - 4*t(n). Let k(s) = s**2 + 2*s - 6. Let j be k(-5). What is the units digit of c(j)?
4
Let v(g) = -74*g - 878. What is the tens digit of v(-12)?
1
Let z = 531 + -333. What is the units digit of z?
8
Let p be 8 + (5 - -1)/(-2). Let t be (-2 - -1 - p)/(-2). Suppose 5*a - 326 = 5*j - 126, 4*a - 155 = t*j. What is the tens digit of a?
3
Let d(o) = -o + 8. Let k be d(6). Let z(t) = -4 + 4*t - 5*t**k + 7*t**2 + t**2 + 11*t**2. What is the tens digit of z(2)?
6
Suppose -6*p = 140 - 254. What is the units digit of p?
9
Let b be (-3)/9 + 30/9. Let z = 6 - b. Suppose z*h = 5*q + h - 48, 0 = -4*q - 2*h + 24. What is the units digit of q?
8
Let c = -7 - -11. Suppose q - 2*q - d = 6, -c*d + 39 = -3*q. Let y(k) = k**3 + 9*k**2 - 7*k - 1. What is the tens digit of y(q)?
6
Let q be 5/20 - (-6)/(48/(-34)). Suppose 2*f = -4, 2*a + 3*f + 20 = -2*f. What is the tens digit of (-1110)/(-12)*q/a?
7
Let h(z) = -z**3 - 6*z**2 - 4*z - 13. Let f be h(-6). Suppose -f*j = -2*j - 936. What is the units digit of j?
4
Suppose 0*f - 15 = -5*f. Let o be 290/15 - (-2)/f. Suppose 0 = -d, n + d - 3*d - o = 0. What is the tens digit of n?
2
Suppose -5*s + d + 80 = 0, 2*s - 32 = -0*d + 5*d. Let o(y) = -y**2 + 15*y + 21. What is the units digit of o(s)?
5
Let n = -17 - -23. Let r be -3*(8/n + -3). Suppose r*j = 99 + 121. What is the units digit of j?
4
Suppose -4*b + 47 = 15. Suppose b = -2*c + 4*c. Suppose j - c*d = 72, 0 = -2*j + 4*j - 2*d - 114. What is the units digit of j?
2
Let w = -151 + 368. What is the units digit of w?
7
Let k(l) = 5*l**2 - l + 53 - l**3 - 3*l**2 - l**2. What is the units digit of k(0)?
3
Let d = 16 - 11. Suppose 5*q = d*g - 285, 5*g + 0*g = -5*q + 315. What is the tens digit of g?
6
Let u(t) = 48 + 3*t - 48 + 2*t. Let q(h) = -2*h. Let w(o) = -7*q(o) - 3*u(o). What is the units digit of w(-6)?
6
Suppose 3*l - 10327 = 4*o, -6854 = -2*l - 15*o + 10*o. What is the tens digit of l?
3
Let m(w) = -4*w**2 - 10*w - 1. Let d be m(-4). Let g = d + 40. What is the tens digit of g?
1
Let i be 75 + (-3 - -3) + 1. Suppose f - i = -2*a, 4*a - 217 = -3*f - 65. What is the units digit of a/2 + (7 - 4)?
2
Suppose 0 = 2*n - 6 - 32. Suppose -k - n = -3*l, -k + 5*l = k + 34. Let h(r) = r**3 + 8*r**2 + 5*r + 3. What is the units digit of h(k)?
7
Suppose -3*p + 2 - 8 = 0, 4*c + 4*p = 860. What is the hundreds digit of c?
2
Let n = -387 + 1073. What is the tens digit of n?
8
Let i be (-2416)/12*3/(-2). What is the tens digit of i/8 + (-12)/16?
3
Suppose 37 - 7 = 5*l. What is the units digit of (-3 - -1)*l/(-4)?
3
Let b(i) = -i**3 - 8*i**2 - 2*i - 12. Let u(o) = -o - 7. Let g be u(-10). Suppose 2 = g*z + 26. What is the units digit of b(z)?
4
Suppose 8 = 3*a - 8*a + 4*j, 0 = -3*j + 6. Suppose a = -3*r + 2*r. Suppose r = d + 5, -3*d - 9 = 3*m. What is the units digit of m?
2
Suppose 8*d - 5*d = 9. Suppose -d*n - 2*n = 0. Suppose 3*b = -4*v + 19, n = 2*v - b + 4*b - 17. What is the units digit of v?
1
Let y = -28 - -32. Suppose 3*p - 5*v - 376 = 0, -5*v + 513 = y*p - 0*p. What is the units digit of p?
7
Let n(p) = -5*p - 19. Let h be n(-5). Suppose 546 = h*m + m. What is the units digit of m?
8
Suppose 3*l + 285 - 9 = -5*f, 4*f - 2*l = -234. Suppose 0 = -2*u - 40 + 2. Let y = u - f. What is the units digit of y?
8
Let z(l) = 6*l**3 + 74*l**2 - 110*l + 154. Let r(u) = u**3 + 15*u**2 - 22*u + 31. Let y(i) = 11*r(i) - 2*z(i). What is the tens digit of y(15)?
5
Suppose -i - 126 = -8*i. What is the tens digit of (-261 - -1)/(-2) - i/6?
2
Suppose 0 = 3*p - 10 - 20. What is the tens digit of p/((25/30)/5)?
6
Suppose -3*y + 9 = -81. What is the units digit of y/(-60) - 334/(-4)?
3
Suppose -2*o + 40 = -4*o. Let j = o - -26. What is the units digit of j?
6
Suppose -2*p = -4*p + 3*a + 119, 172 = 3*p + 2*a. Suppose -23*b + 82 = -20*b - 5*k, k = 3*b - 98. Let v = p - b. What is the units digit of v?
4
Let s(r) = 56*r**3 - 8*r + 9. What is the hundreds digit of s(2)?
4
Suppose 0 = -3*c + 2*s - 2, 0 = c + 3*c + 3*s - 20. Let p be (c - 2/(-4))*2. Suppose 2*m + 343 = p*f + 6*m, m = -f + 68. What is the units digit of f?
1
Let c(x) = 2*x - x + 0*x - 1 - 3*x. What is the units digit of c(-4)?
7
Let k(d) = -4*d - 1. Let t be k(6). Let c be (-1)/((-2)/8) + 52. Let g = t + c. What is the units digit of g?
1
Let l = -191 + 3381. What is the hundred